6*(-3)/(-15). Let k be (-12)/(-2) - (6 - m). What is the units digit of l(k)?
2
Suppose 2*c + 0 = -4. Let q = c + 4. What is the units digit of q?
2
What is the units digit of (-22)/99 - (-1030)/18?
7
What is the units digit of (-742)/(-6) + 9/27?
4
Let m = 29 - 71. Let d = m + 93. What is the tens digit of d?
5
Suppose -3*x - 8 = -5*x. Suppose v = -x*v + 5. What is the units digit of v?
1
What is the hundreds digit of 1323/6*(-2 + 24/9)?
1
Suppose -5*d - 4*p + 1 = -13, -d = 2*p - 4. Let f(s) = s + 6*s**d - 2 + s**3 - 2*s**3 - s**2. What is the units digit of f(5)?
3
Suppose -6 = -3*s - 21. Let x be (-6)/(-15) - 53/s. Suppose k = -4*p + x, 2*p - 28 = -4*k + 30. What is the tens digit of k?
1
Let o(a) = a**3 + 9*a**2 + 4*a + 10. Let r be o(-7). Suppose -4*w = -9*w + r. What is the tens digit of w?
1
What is the tens digit of 86 + 1 + -3 + 7?
9
Let b(k) = -k - 1. Let f be b(-8). Suppose -d = l + l - f, -5*d + 3*l = -61. What is the tens digit of d?
1
Let k = 106 - 193. Let x = -57 - k. Let f = x - 9. What is the units digit of f?
1
Suppose 4*l = -16 - 32. Let a be 3/2*l/(-9). Suppose 0 = -f + 4*m + 27, -f + 0*m - a*m = 3. What is the units digit of f?
7
Let q(s) = s**2 + 3*s - 5. Let v be q(-4). Let x = v - -4. Suppose x*m + y = 6, -m + y = -y + 5. What is the units digit of m?
1
Let x(z) = -5*z**3 + 3*z**2 - 2*z - 1 + 4*z**3 + 4. What is the units digit of x(2)?
3
What is the units digit of 2/9 + 2370/27?
8
Let j(w) = w**2 - 2*w - 3. Let z be j(-3). What is the units digit of 2 - 1/((-1)/z)?
4
Let g(a) = -a**3 + 9*a**2 - 11*a + 15. Let u be g(7). Let w(f) = 2*f**2 - 1. Let x be w(-3). Let m = u - x. What is the units digit of m?
9
What is the tens digit of (-1 - -26) + (-3 - -1)?
2
Let r(y) = -8*y**3 - 6*y**2 - 7*y - 4. What is the tens digit of r(-3)?
7
Let h(s) = 3*s + 4. Let a = -3 + 7. What is the tens digit of h(a)?
1
Let i be 10/4*(-108)/(-15). What is the units digit of (-4)/i - (-1240)/72?
7
Suppose y + 3 = 5*z - 4, -5*z + 5*y = 5. Suppose 2*k + 24 = -z*k. Let g = 10 + k. What is the units digit of g?
4
Let m = -10 + 58. Suppose -2*b = -6*b + m. What is the units digit of b?
2
Let l(n) = n + 1. Let g be l(-1). Suppose g*c = c - 5*y + 3, 0 = 2*y - 2. Suppose c = p - 3. What is the units digit of p?
5
Let x(u) = -5*u**2 - 2*u**2 + 8*u**2 + 2*u + 10. What is the tens digit of x(5)?
4
Suppose 3*k - 3*s = -3 - 18, 0 = k - 5*s + 27. Let c be k/(-3) + 8/(-3). What is the units digit of -1 + (10 - 2) + c?
5
Let q(d) = -d**2 + 9*d + 11. Let v be q(11). What is the tens digit of v/((3 - 6) + 2)?
1
Let x be 21 + -6 - 2/2. Suppose 5*i - x = 5*r + 2*i, -2*r = 4*i + 16. Let t = 2 - r. What is the units digit of t?
6
Suppose -29 = -4*s - 9. Let l(k) = k - 2. Let n be l(s). Suppose n*z = 12 - 3. What is the units digit of z?
3
Let o(s) = 4*s**3 + s + 1. Let k be o(-1). Let z(x) = x**2 + 3*x - 3. What is the units digit of z(k)?
1
Let q(w) = w**3 - 5*w**2 + 4. Let r be q(3). Let z = 23 + r. What is the units digit of z?
9
Let a be 172 + 1 + 1 + -3. Suppose 5*g - a = 3*q, 2*g - q - 45 = 24. What is the units digit of g?
6
Suppose -z + 3*z = 4*n - 208, 169 = 3*n + 5*z. What is the tens digit of n?
5
Suppose 4*p - 6 - 14 = 0. Suppose -p = -3*l + 4. Let q = 15 - l. What is the tens digit of q?
1
Suppose 0 = f + 6 - 23. Let p = 31 - f. Suppose y + y - p = 0. What is the units digit of y?
7
Let f(q) = q**3 + 13*q**2 - 4*q + 3. Let i be f(-13). Let h = i + -21. Suppose 4*a = h + 42. What is the tens digit of a?
1
Let w(j) = j**3 + 3*j**2 - 3*j - 4. Let r be w(-2). Suppose -t - 150 = -r*t. What is the tens digit of t?
3
Let m(w) = w - 5. Suppose -5*x + 41 = -r, 2*r - 3*r = -4*x + 32. What is the units digit of m(x)?
4
Let h(i) = -55*i + 20. What is the units digit of h(-6)?
0
Let l(x) = 3*x**2 + 5*x + 15. What is the units digit of l(-6)?
3
Let g = 15 + -31. Let i = 23 + g. What is the units digit of i?
7
Suppose -4*n + 53 = 17. Let w(k) = -k + 11. Let y be w(n). Suppose 5*d - 2 = -3*h + y*h, 0 = -4*d. What is the units digit of h?
2
Let k = -11 + 13. Suppose -2*i - k + 4 = 0. What is the units digit of i?
1
Let m(r) = -r + 4. Let p = -2 - -2. Let a be m(p). Suppose 0 = -5*z + 5*h - 0 - 5, 2*h - a = 0. What is the units digit of z?
1
Let k(o) = -2*o**3 + 2*o**2 - o - 2. Let q be k(-2). Suppose -2*m + q = 2*m + 4*u, 2*u = -m + 7. What is the units digit of m?
5
Let u(h) = -2*h + 4. Let w be u(3). Let y(b) = b**3 + b**2 + b. Let f be y(w). What is the units digit of (-13)/f - (-1)/(-6)?
2
Let a be 2/(-9) - (-1675)/45. Suppose -4*v + a + 35 = 0. What is the units digit of v?
8
Let u(o) = -o**3 - 6*o**2 - 6*o + 6. Let h be u(-5). Let r = 10 + h. What is the units digit of r?
1
Let h(j) = j**2 + 12*j - 13. Let q be h(-11). Let n = q + 40. What is the units digit of n?
6
Suppose -5*b = -3*c + 549, -5*c - 4*b + b = -881. What is the units digit of c?
8
Let g be (-10)/(-8) + 4/(-16). Suppose o = g + 6. Suppose 2*b + 3*a - 4 = o*a, a = -2*b + 19. What is the units digit of b?
8
Let l(i) = 10*i**2 + 10*i + 4. What is the units digit of l(-5)?
4
Suppose 4*t = 5*v - 21, 2*v + 4*t + 14 + 0 = 0. Let l(z) = 3*z + 5*z**2 - 4 - 3 - 4*z**2 + v. What is the units digit of l(-5)?
4
Suppose 24 = -0*i + 4*i. Suppose 0 = -8*x + i*x + 16. What is the units digit of x?
8
Let j(i) = 2*i**2 - 3*i - 1. Let a = -5 - -3. Let g be j(a). Let y = -9 + g. What is the units digit of y?
4
Let b(k) = 12*k**2 - 3*k + 2. What is the units digit of b(-2)?
6
Let d(y) = -y**3 - 10*y**2 + 11*y + 2. Let c be d(-11). Suppose -3*j = -5*k - c + 47, 2*j - 36 = -4*k. What is the units digit of k?
9
Suppose 5*r - 1 = 9. Let x = r + 22. Suppose -i - x = -4*i. What is the units digit of i?
8
Let v be 0 + 0/(1 + 3). Suppose 5*b - 80 = 5*f, 3*b = -v*b - 4*f + 76. What is the tens digit of b?
2
Let u(z) = -4*z**2 + 2*z. Let v be u(15). What is the units digit of 10/(-45) + v/(-27)?
2
Let a(v) = v**2 - 7*v + 5. Suppose -2*d - 5*u = 2*d - 52, -4*u = 2*d - 32. What is the units digit of a(d)?
3
Let r = -5 - -5. Suppose -2*a = -r*a. Suppose a*z + 3*z - 33 = 0. What is the units digit of z?
1
Let h(k) = -4*k. Let f be h(-1). Let y be (f/10)/((-2)/(-10)). Suppose -y*r = -6, 23 = -2*n + 6*n + 5*r. What is the units digit of n?
2
Let w be (-9)/6*(-8)/6. Let l(y) = -w*y**2 - 4*y - y**3 - y**2 - 2 - 2. What is the units digit of l(-3)?
8
Suppose -71 = -2*q + 13. What is the tens digit of q?
4
Suppose 2*f + 5 = -d - 5, d - 15 = 3*f. Suppose -x + o = -34, d*x = 4*x - 3*o - 136. What is the tens digit of x?
3
Let j(p) = p**3 + 8*p**2 + 5*p - 8. What is the units digit of j(-7)?
6
Let v(s) = 2 + 28*s - 1 + 3*s. Let b be v(1). Suppose 4*x + 8 = q, b = -0*q + 4*q - 5*x. What is the units digit of q?
8
Let r = -6 - -1. Let k be (8/r)/((-4)/40). Let y = -11 + k. What is the units digit of y?
5
Let p be 1*-3*2/3. What is the units digit of (-1 - -4)*p/(-1)?
6
Suppose -i + 5*i - 432 = 0. Suppose s + 3*s - i = 0. What is the tens digit of s?
2
Suppose y - 5*y - 12 = r, -3*y + 3*r = 9. What is the units digit of -4*y/(12/22)?
2
Suppose -10*n + 200 = -6*n. What is the units digit of n?
0
Suppose 0 = -5*s - 4 + 14. What is the tens digit of s - 5/((-20)/52)?
1
Let h = 14 + -37. Let k = h + 34. Suppose 0*m + 4*r - k = m, r = 3. What is the units digit of m?
1
Let c = -30 - -21. Let z be -6*(0 + 6/c). What is the units digit of (0 + -2)/(z/(-6))?
3
Suppose 5*v + 30 = 5*s - 0*v, -4*v - 21 = -s. Suppose i = -3*c, -2*i - 4*c + 3 = -s. What is the units digit of i?
6
What is the units digit of (52 - 5) + (-3 - -2)?
6
Let a(y) = -1 - 2 + 3 + 3*y. What is the units digit of a(2)?
6
Suppose -v = -5*d + 1, 1 - 6 = 5*d + 5*v. Let m(s) = -s + 9. What is the units digit of m(d)?
9
Suppose -3*r - 8 = -2*t, 0*t + 3*t + 15 = 0. What is the tens digit of (-1 - r/(-9))*-6?
1
Suppose 19*c - 432 = 2494. What is the tens digit of c?
5
Suppose w = 3*r + 17 + 8, 5*r = -5*w + 25. Suppose w = 4*n + 2*m, 21 = 4*n - 5*m + 4. Suppose -2*p - q = -7, 3 = -2*q - n. What is the units digit of p?
5
Let b be (-176)/(-20) + (-1)/(-5). Let z = b + 2. Suppose 0 = -2*i + z + 1. What is the units digit of i?
6
Let c(u) = 3*u - 4. Let f be c(3). Suppose a + 96 = f*a. What is the tens digit of a?
2
Suppose 4*v - 3*x = v, -3*x = v. Suppose v = 6*z - 3*z - 84. What is the uni